e w(-8). Let z = v - -11. List the prime factors of s(z).
3
Let r = -7 - -10. Suppose -r*y - 12 = -7*y. List the prime factors of y.
3
Let o(v) = -v**3 - v**2 - 4*v - 5*v**2 - v - 9. Let r be o(-6). Let i = r + -11. What are the prime factors of i?
2, 5
Suppose c - 2*c + 3*z + 14 = 0, -z = -4. What are the prime factors of c?
2, 13
Let p = -6 + 17. List the prime factors of p.
11
Let q = 6 + -14. Suppose 0 = -3*z - z + 52. Let k = z + q. List the prime factors of k.
5
Let j(z) = -42*z - 1. Let f be j(2). Let k = f - -59. Let w = 37 + k. List the prime factors of w.
11
Let s = 0 - 1. Let z(n) = -7*n**3 + 2*n + 1. Let i be z(s). Let h = i + -1. List the prime factors of h.
5
Suppose 5*u = -25, -4*n + 27 = -2*n - 5*u. Suppose n = -y + 7. What are the prime factors of y?
2, 3
Let b = 18 - 11. Suppose 0 = -3*k + 37 - b. What are the prime factors of k?
2, 5
Let h = 1 + -4. List the prime factors of (16/6)/((-1)/h).
2
Suppose -3*v + 3*c = 2*v - 9, 2 = -2*v + 4*c. Suppose -5*r + 5*d + 70 = 0, -26 = -3*r - r - 2*d. Let x = r - v. List the prime factors of x.
2, 3
Let l = -404 + 697. What are the prime factors of l?
293
Suppose -3*k = 1 - 13. Suppose 3*j = -4*d + 76, d = k*j - 88 + 12. What are the prime factors of j?
2, 5
List the prime factors of (-1 + -27)*(0 + -1).
2, 7
What are the prime factors of (1 - (0 + 16))*(-20)/30?
2, 5
Suppose 2*m + 8 + 8 = 0. Let v = m + 19. List the prime factors of v.
11
Suppose 178 = -5*q + 408. What are the prime factors of q?
2, 23
Suppose 5*p - 5 - 60 = 0. List the prime factors of p.
13
Let r = 65 + -33. What are the prime factors of r?
2
Let j(u) = u**2 - 4*u - 4. Let l be j(5). What are the prime factors of l/2*(-336)/(-8)?
3, 7
Suppose h + 47 = -2*f + 5*f, -5*h = -3*f + 283. Let q = h + 107. List the prime factors of q.
2, 3
Let g = -154 - -171. What are the prime factors of g?
17
Suppose 0 = 2*a - z - 59, -2*a + 0*a - 3*z + 71 = 0. List the prime factors of a.
31
List the prime factors of (-58)/(-6) - (-20)/(-30).
3
Suppose 4*q - 5*b - 12 = -2*b, -3*q + 9 = 5*b. Suppose -4*r + 4*v = -216, -5*v - 220 = -r - q*r. What are the prime factors of r?
2, 5
Let f = -19 - -76. What are the prime factors of f?
3, 19
Suppose -5*i + 41 = b, -3*b - 4*i + 0*i = -79. Suppose -b = -4*r + 23. What are the prime factors of r?
11
Suppose 2*v - 2*c - 3 = -11, -3*c - 12 = 5*v. What are the prime factors of v - -3 - -5*5?
5
Let c(t) = 5*t**2 + 9*t - 16. What are the prime factors of c(4)?
2, 5
Let n(l) = 11*l**3 - l**2 - l + 1. Let h be n(1). Suppose -2*w + h = -0. Suppose x - 2 = -t, 4*t - w*x = 9 + 8. List the prime factors of t.
3
What are the prime factors of ((-96)/5)/(27/(-405))?
2, 3
Let f = 20 - -18. List the prime factors of f.
2, 19
Let j = 67 - 39. Suppose -3*k + j = k. List the prime factors of k.
7
Let t = -30 - -9. Let j = t + 32. List the prime factors of j.
11
Let q(h) = h**2 - 4*h. Let w be q(6). Let c = 4 + w. What are the prime factors of c?
2
Suppose 2 = 3*s - 4. Suppose -2*x - 4*y = -70, s*x - 5*x + 2*y = -105. Let m = x - 24. List the prime factors of m.
11
Let c be ((-1)/2*0)/(-1). Suppose i + i = c. Let f(r) = r**2 + 3. What are the prime factors of f(i)?
3
List the prime factors of ((-12)/(-30))/(3/510 - 0).
2, 17
Suppose 3*n + 37 - 238 = 0. Let z = 108 - n. List the prime factors of z.
41
Let b(k) = k**2 - k + 7. Let r(i) = i**3 + 5*i**2 + i + 5. Let l be r(-5). What are the prime factors of b(l)?
7
Suppose -123 = -2*m - 25. Suppose -4*o + m - 1 = 0. Suppose -o = -5*x + x. What are the prime factors of x?
3
What are the prime factors of 8 + (-3 - 0/(-4))?
5
Let d(p) be the second derivative of -p**3/6 - 3*p**2/2 - p. What are the prime factors of d(-7)?
2
Let r(j) = -26*j + 1. Let i be r(-1). Suppose -a - 4*l + 5 = 3, 0 = -3*a + 3*l - 69. Let p = i + a. List the prime factors of p.
3
List the prime factors of 582/((3/(12/(-16)))/(-2)).
3, 97
Let b(d) = d**3 - 11*d**2 - 16*d - 3. Let v be b(12). Let g = v - -76. List the prime factors of g.
5
Let k(v) = 3*v. Let j be k(2). Let n = j + -5. Suppose -d + 6 = -2*l, -2*l + n = 5. What are the prime factors of d?
2
Let l be ((-9)/6 - -1)*2. List the prime factors of -1 + 2 - (-8 + l).
2, 5
Let z(h) = -h**3 + 10*h**2 - 6*h + 21. List the prime factors of z(9).
2, 3
Let i(r) = -52*r - 16. What are the prime factors of i(-3)?
2, 5, 7
Let n be (2/3)/((-2)/(-15)). Suppose x - 1 = -2*j + n, -22 = -x + 2*j. Suppose 2*p - 48 = -x. What are the prime factors of p?
17
Let j(a) = a**3 - 5*a**2 + 5*a - 2. Let u(t) = -t**2 - 8*t - 8. Let b be u(-6). Let v be j(b). Suppose -3*g + 4 + v = 0. List the prime factors of g.
2
What are the prime factors of 3*((4/(-4) - -1) + 42)?
2, 3, 7
Suppose n - 29 = -3. What are the prime factors of (n/(-4) + 3)*-2?
7
Let w(j) = j**3 - 4*j**2 - 5*j + 3. Let l be w(5). Suppose -x - l*y = 4*x - 65, y - 15 = -x. What are the prime factors of x?
2, 5
Let f = -260 - -470. List the prime factors of f.
2, 3, 5, 7
Let h = -21 - -54. Suppose 12 = 3*u - h. List the prime factors of u.
3, 5
Suppose 3*z = -2*z + 110. What are the prime factors of z?
2, 11
Let l(f) = -f**3 - f**2 + 6*f - 6. Let u(z) = -z**3 - 2*z**2 + 5*z - 6. Let v(q) = 4*l(q) - 5*u(q). What are the prime factors of v(-4)?
2, 3, 7
Suppose 0 = 2*u - 5*h - 34, u + 2*h - 3*h - 11 = 0. Let g(n) = -n**3 + 7*n**2 + 9*n - 6. Let j be g(8). Suppose -o - j = -u. List the prime factors of o.
5
Suppose 2*l - 3*h - 226 = -0*l, h + 442 = 4*l. Suppose 2*x - 30 = -2*g + 24, -5*g + l = 4*x. List the prime factors of x.
5
Let h be 2 + 3/(9/3). Suppose -5*c - q = h, -c = 2*c + 5*q + 15. Suppose 3*r = 2*t - t + 52, 4*t + 16 = c. List the prime factors of r.
2
List the prime factors of (-10)/((48/402)/(-4)).
5, 67
Let h(i) = 3*i**3. Let b be h(1). Let y be (-1)/3 + (-218)/b. List the prime factors of (-12)/20 - y/5.
2, 7
Let m = 2 - -85. What are the prime factors of m?
3, 29
Suppose -22 = -3*v - 4*s, -4*v - 2*s + 7*s = 12. Suppose 10 = 2*z, 0 = 7*y - 2*y + v*z - 30. List the prime factors of y.
2
Suppose 13 = 4*r - g, -5*r + 7*g - 2*g + 5 = 0. What are the prime factors of r?
2
Suppose 0*b - b + 3 = 0. Suppose -b*n = 2*n - 15. Suppose 0*d = d - n. What are the prime factors of d?
3
Suppose 2*d - 3 = -1. Let r = 59 + d. Suppose r = o + 4*o. List the prime factors of o.
2, 3
Let o be ((-40)/(-3))/((-1)/(-3)). Suppose 5*c = -2*i + 43, -4*c + 4*i + 0*i + o = 0. What are the prime factors of c?
3
Suppose 0 = 3*g + g - w - 321, -5*g + 405 = -5*w. Suppose 0 = q + 2*t - 12, 4*t + t + g = 3*q. List the prime factors of q.
2, 5
Suppose -64 = -2*p - 4*t, 0*p - 3*p + 5*t + 41 = 0. List the prime factors of p.
2, 11
Let o(j) = j**3 + 2*j**2 - 2*j + 1. Let a be o(-2). Suppose -a*s + 126 - 16 = 0. List the prime factors of s.
2, 11
Suppose 3*a - 6 - 6 = 0. Suppose -u - 66 = -a*u. What are the prime factors of u?
2, 11
Let x be (-7)/((-28)/8) - -3. Suppose x*j - 31 - 49 = 0. What are the prime factors of j?
2
Let f be ((-16)/(-6))/(6/(-153)). What are the prime factors of f/(-7) - 6/(-21)?
2, 5
Let i(s) = -s**3 - 3*s**2 - 3*s - 1. Let r(d) = -4*d + 1. Let v be r(1). List the prime factors of i(v).
2
Let w be -9 + 6 + (1 - 29). Let k = w + 17. What are the prime factors of (4 - 2)*-1 - k?
2, 3
Let b be 950/(-30) - (-4)/6. Let q = 59 + b. What are the prime factors of (-20)/(-8)*q/10?
7
Let z = -4 - -13. Suppose 16 = 6*s - 98. Let k = s - z. What are the prime factors of k?
2, 5
Let l be (-2)/(-4) - (-5)/2. Suppose l*h - 51 = 2*k - 1, k + 60 = 4*h. What are the prime factors of h?
2, 7
Let h be ((-20)/(-6))/(4/6). Suppose 0 = 2*a - 1 - h. Suppose -a*m + 0 = -18. List the prime factors of m.
2, 3
Let b(j) = 2*j**2 - j + 2. Let r be b(2). Suppose -5*m + 3*t = -102 + 30, 2*t + r = 0. What are the prime factors of m?
2, 3
Let c = -4 + 4. Suppose 5*p - 4*l - 136 = 0, c = 3*p + l + 2*l - 87. Suppose p = z + z. List the prime factors of z.
2, 7
Let q(x) = -12*x. Let s be (-1 + 0 + 2)*-2. Let c(p) = -p**2 - 2*p - 1. Let d be c(s). What are the prime factors of q(d)?
2, 3
Suppose 20 + 22 = 2*o. What are the prime factors of o?
3, 7
Let w(n) = -25*n**3 - n**2 - n + 5. List the prime factors of w(-2).
7, 29
Suppose -2*k = -2*i + 176, 3*i - 27 = 2*k + 242. What are the prime factors of i?
3, 31
Let h(q) = -q**3 - 3*q**2 - 11*q - 6. L